{"id":1992,"date":"2014-01-07T19:46:46","date_gmt":"2014-01-07T19:46:46","guid":{"rendered":"http:\/\/www.sustentar.net\/2015\/?page_id=1992"},"modified":"2015-10-10T12:16:12","modified_gmt":"2015-10-10T12:16:12","slug":"ranking","status":"publish","type":"page","link":"http:\/\/www.sustentar.net\/2015\/ranking","title":{"rendered":"Ranking"},"content":{"rendered":"<h3 style=\"text-align: center;\"><a href=\"http:\/\/www.sustentar.net\/2015\/wp-content\/uploads\/2014\/01\/GUIA-DE-BOAS-PRATICAS_07out15.pdf\" target=\"_blank\"><img loading=\"lazy\" decoding=\"async\" class=\"alignnone size-full wp-image-3107\" src=\"http:\/\/www.sustentar.net\/2015\/wp-content\/uploads\/2014\/01\/box-download-guia.gif\" alt=\"box-download-guia\" width=\"570\" height=\"121\" \/><\/a><\/h3>\n<h3><\/h3>\n<p>&nbsp;<\/p>\n<h3>RANKING DE PRODUTOS E TECNOLOGIAS SUSTENT\u00c1VEIS<\/h3>\n<p>Com a finalidade de avaliar o impacto das boas pr\u00e1ticas de sustentabilidade no cen\u00e1rio brasileiro, o Instituto Sustentar realiza o Ranking de Produtos e Tecnologias Sustent\u00e1veis.<\/p>\n<p>O 2\u00ba Ranking foi realizado durante a 7\u00aa Edi\u00e7\u00e3o do F\u00f3rum Sustentar e os vencedores foram anunciados durante a solenidade de abertura do Sustentar 2014, realizado nos dias 7 e 8 de maio no Minascentro, em Belo Horizonte.<\/p>\n<p>Um dos objetivos do Ranking \u00e9 difundir t\u00e9cnicas que tenham potencial de replicabilidade. Al\u00e9m de instigar inova\u00e7\u00e3o, economia de recursos naturais, reciclagem, educa\u00e7\u00e3o do consumidor, entre outros benef\u00edcios.\u00a0 Para participar, as empresas responderam um question\u00e1rio, em uma ferramenta desenvolvida especialmente para registro dessas informa\u00e7\u00f5es.<\/p>\n<p>De acordo com a coordenadora do Instituto Sustentar, Jussara Utsch, a elabora\u00e7\u00e3o do ranking envolve crit\u00e9rios como utiliza\u00e7\u00e3o racional de recursos naturais e de mat\u00e9rias-primas e insumos verdes, m\u00e9todos de produ\u00e7\u00e3o sustent\u00e1vel, inova\u00e7\u00e3o, criatividade, dentre outros. \u201cO ranking colabora para que as empresas possam ter uma ferramenta de benchmarking para poderem buscar modelos sustent\u00e1veis para seus produtos e servi\u00e7os. Al\u00e9m disso, ele refor\u00e7a a quest\u00e3o da produ\u00e7\u00e3o e do consumo sustent\u00e1vel na sociedade\u201d, afirma.<\/p>\n<p>O Ranking foi um dos pontos centrais do evento. Foram selecionadas onze a\u00e7\u00f5es que receberam homenagem durante o evento. As organiza\u00e7\u00f5es tiveram a oportunidade de apresentar o produto, o servi\u00e7o ou iniciativa sustent\u00e1vel vencedora no audit\u00f3rio principal. Cerca de mil pessoas estiveram presentes, entre elas representantes dos setores empresarial e industrial, governo, iniciativa privada, pesquisadores, ONGs, acad\u00eamicos, estudantes e civis.<\/p>\n<p>As informa\u00e7\u00f5es registradas sobre produtos, servi\u00e7os ou tecnologias sustent\u00e1veis dar\u00e3o origem ao ranking e ao Guia de Boas Pr\u00e1ticas de Sustentabilidade, um cat\u00e1logo de Produtos e Servi\u00e7os de todas as empresas inscritas.<\/p>\n<p><strong>Resultado do <\/strong><strong>2\u00ba Ranking Produtos e Tecnologias Sustent\u00e1veis<\/strong><\/p>\n<p><em><b>Categoria Produto Sustent\u00e1vel<\/b><\/em><\/p>\n<p>1\u00b0 Lugar: Whirlpool S.A. &#8211; Purificador de \u00c1gua Brastemp YOU<\/p>\n<p>2\u00b0 Lugar: Metform S.A. &#8211; Macho para fundi\u00e7\u00e3o isento de resina fen\u00f3lica<\/p>\n<p>3\u00b0 Lugar: Ecoblock Ind\u00fastria e Com\u00e9rcio &#8211; Ecomadeira &#8211; Madeira feita para Durar!<\/p>\n<p><em><b>Categoria Servi\u00e7o Sustent\u00e1vel<\/b><\/em><\/p>\n<p>1\u00b0 Lugar: Whirlpool S.A. &#8211; Parceria com Centrais El\u00e9tricas para fornecimento e reciclagem de refrigeradores<\/p>\n<p>2\u00b0 Lugar: Ambi\u00eancia &#8211; Solu\u00e7\u00f5es Sustent\u00e1veis &#8211; Gest\u00e3o de Res\u00edduos da Constru\u00e7\u00e3o Civil<\/p>\n<p>3\u00b0 Lugar: Triton Logging Brasil Ltda. &#8211; Planejamento para retirada da madeira submersa em reservat\u00f3rios de hidrel\u00e9trica<\/p>\n<p><em><b>Categoria Iniciativa Sustent\u00e1vel<\/b><\/em><\/p>\n<p>1\u00b0 Lugar: Fiat Autom\u00f3veis S.A. &#8211; Projeto Aterro Zero<\/p>\n<p>2\u00b0 Lugar: Whirlpool S.A. &#8211; Programa Cadeia do A\u00e7o<\/p>\n<p>3\u00b0 Lugar: Vale S.A. &#8211; Coopera\u00e7\u00e3o com brigadas para combate a inc\u00eandios florestais<\/p>\n<p>3\u00b0 Lugar: Cargill Agr\u00edcola S.A. &#8211; Programa A\u00e7\u00e3o Renove o Meio Ambiente<\/p>\n<p><em><b>Destaque Pequena e M\u00e9dia Empresa<\/b><\/em><\/p>\n<p>Ambi\u00eancia &#8211; Solu\u00e7\u00f5es Sustent\u00e1veis &#8211; Gest\u00e3o de res\u00edduos da Constru\u00e7\u00e3o Civil<\/p>\n<hr \/>\n<p><a href=\"https:\/\/www.flickr.com\/photos\/forumsustentar\/with\/13983919747\/\" target=\"_blank\">Veja as fotos da premia\u00e7\u00e3o do Ranking e demais fotos do Sustentar 2014<\/a><\/p>\n","protected":false},"excerpt":{"rendered":"<p>&nbsp; RANKING DE PRODUTOS E TECNOLOGIAS SUSTENT\u00c1VEIS Com a finalidade de avaliar o impacto das boas pr\u00e1ticas de sustentabilidade no cen\u00e1rio brasileiro, o Instituto Sustentar realiza o Ranking de Produtos e Tecnologias Sustent\u00e1veis. O 2\u00ba Ranking foi realizado durante a 7\u00aa Edi\u00e7\u00e3o do F\u00f3rum Sustentar e os vencedores foram anunciados durante a solenidade de abertura [&hellip;]<\/p>\n","protected":false},"author":4,"featured_media":0,"parent":0,"menu_order":0,"comment_status":"open","ping_status":"open","template":"","meta":{"_acf_changed":false,"footnotes":""},"class_list":["post-1992","page","type-page","status-publish","hentry"],"acf":[],"aioseo_notices":[],"_links":{"self":[{"href":"http:\/\/www.sustentar.net\/2015\/wp-json\/wp\/v2\/pages\/1992","targetHints":{"allow":["GET"]}}],"collection":[{"href":"http:\/\/www.sustentar.net\/2015\/wp-json\/wp\/v2\/pages"}],"about":[{"href":"http:\/\/www.sustentar.net\/2015\/wp-json\/wp\/v2\/types\/page"}],"author":[{"embeddable":true,"href":"http:\/\/www.sustentar.net\/2015\/wp-json\/wp\/v2\/users\/4"}],"replies":[{"embeddable":true,"href":"http:\/\/www.sustentar.net\/2015\/wp-json\/wp\/v2\/comments?post=1992"}],"version-history":[{"count":40,"href":"http:\/\/www.sustentar.net\/2015\/wp-json\/wp\/v2\/pages\/1992\/revisions"}],"predecessor-version":[{"id":3112,"href":"http:\/\/www.sustentar.net\/2015\/wp-json\/wp\/v2\/pages\/1992\/revisions\/3112"}],"wp:attachment":[{"href":"http:\/\/www.sustentar.net\/2015\/wp-json\/wp\/v2\/media?parent=1992"}],"curies":[{"name":"wp","href":"https:\/\/api.w.org\/{rel}","templated":true}]}}