{"id":39,"date":"2012-03-08T01:37:04","date_gmt":"2012-03-08T01:37:04","guid":{"rendered":"http:\/\/sustentar.net\/2012\/?page_id=39"},"modified":"2016-01-04T18:42:01","modified_gmt":"2016-01-04T18:42:01","slug":"agenda","status":"publish","type":"page","link":"http:\/\/www.sustentar.net\/2015\/programacao\/agenda","title":{"rendered":"Agenda"},"content":{"rendered":"<p><span style=\"font-size: 13px; font-weight: normal;\">A programa\u00e7\u00e3o do Sustentar 2015 oferece atividades variadas, com o objetivo de discutir as quest\u00f5es do desenvolvimento sustent\u00e1vel e expor solu\u00e7\u00f5es junto aos v\u00e1rios segmentos da sociedade.<\/span><\/p>\n<p><span style=\"color: #333333;\"><strong>*Veja as apresenta\u00e7\u00f5es dos palestrantes do Sustentar 2015 em nosso canal no SlideShare.<\/strong><\/span><\/p>\n<p><a href=\"http:\/\/pt.slideshare.net\/Sustentar\/edit_my_uploads\" target=\"_blank\"><img loading=\"lazy\" decoding=\"async\" class=\"aligncenter\" src=\"https:\/\/public.slidesharecdn.com\/b\/images\/logo\/linkedin-ss\/SS_Logo_Black_Large.png?ebc847ff10\" alt=\"LinkedIn SlideShare\" width=\"138\" height=\"37\" \/><\/a><\/p>\n<p>&nbsp;<\/p>\n<p><a href=\"http:\/\/www.sustentar.net\/2015\/wp-content\/uploads\/2012\/03\/Revista-Sustentar-2015.pdf\" target=\"_blank\"><img loading=\"lazy\" decoding=\"async\" class=\"alignnone wp-image-3093 size-full\" src=\"http:\/\/www.sustentar.net\/2015\/wp-content\/uploads\/2012\/03\/botao-download-sustentar-2015.gif\" alt=\"botao-download-sustentar-2015\" width=\"570\" height=\"121\" \/><\/a><\/p>\n<p>Veja a programa\u00e7\u00e3o abaixo:<\/p>\n<p>*Clique no evento de seu interesse para conhecer a programa\u00e7\u00e3o.<\/p>\n","protected":false},"excerpt":{"rendered":"<p>A programa\u00e7\u00e3o do Sustentar 2015 oferece atividades variadas, com o objetivo de discutir as quest\u00f5es do desenvolvimento sustent\u00e1vel e expor solu\u00e7\u00f5es junto aos v\u00e1rios segmentos da sociedade. *Veja as apresenta\u00e7\u00f5es dos palestrantes do Sustentar 2015 em nosso canal no SlideShare. &nbsp; Veja a programa\u00e7\u00e3o abaixo: *Clique no evento de seu interesse para conhecer a programa\u00e7\u00e3o.<\/p>\n","protected":false},"author":4,"featured_media":293,"parent":35,"menu_order":0,"comment_status":"open","ping_status":"open","template":"","meta":{"_acf_changed":false,"footnotes":""},"class_list":["post-39","page","type-page","status-publish","has-post-thumbnail","hentry"],"acf":[],"aioseo_notices":[],"_links":{"self":[{"href":"http:\/\/www.sustentar.net\/2015\/wp-json\/wp\/v2\/pages\/39","targetHints":{"allow":["GET"]}}],"collection":[{"href":"http:\/\/www.sustentar.net\/2015\/wp-json\/wp\/v2\/pages"}],"about":[{"href":"http:\/\/www.sustentar.net\/2015\/wp-json\/wp\/v2\/types\/page"}],"author":[{"embeddable":true,"href":"http:\/\/www.sustentar.net\/2015\/wp-json\/wp\/v2\/users\/4"}],"replies":[{"embeddable":true,"href":"http:\/\/www.sustentar.net\/2015\/wp-json\/wp\/v2\/comments?post=39"}],"version-history":[{"count":52,"href":"http:\/\/www.sustentar.net\/2015\/wp-json\/wp\/v2\/pages\/39\/revisions"}],"predecessor-version":[{"id":3265,"href":"http:\/\/www.sustentar.net\/2015\/wp-json\/wp\/v2\/pages\/39\/revisions\/3265"}],"up":[{"embeddable":true,"href":"http:\/\/www.sustentar.net\/2015\/wp-json\/wp\/v2\/pages\/35"}],"wp:featuredmedia":[{"embeddable":true,"href":"http:\/\/www.sustentar.net\/2015\/wp-json\/wp\/v2\/media\/293"}],"wp:attachment":[{"href":"http:\/\/www.sustentar.net\/2015\/wp-json\/wp\/v2\/media?parent=39"}],"curies":[{"name":"wp","href":"https:\/\/api.w.org\/{rel}","templated":true}]}}